 the greatest common factor of j and 4?
4
Suppose 3*w + 338 = 5*a, 5*a - 327 = -4*w + 39. What is the greatest common divisor of 112 and a?
14
Let b = 940 + -888. What is the greatest common factor of b and 234?
26
Let b(c) = 111*c - 988. Let w be b(9). Calculate the greatest common divisor of 176 and w.
11
Let s = 15 + -12. Suppose -s*v + 2*w + 238 = 4*w, 5*w - 166 = -2*v. Suppose -v = -4*f + 2*n, f - 4*n - 2 = 21. What is the greatest common factor of f and 152?
19
Suppose -25*m + 33*m = 1936. Calculate the highest common divisor of m and 22.
22
Let t = 9 + 17. Let j = 23 - 23. Suppose 0 = -j*a - 2*a + 78. What is the highest common factor of t and a?
13
Suppose -2*r - 37 = -u + 10, -4*r + 3*u = 95. Let p = -121 + 58. Let n = r - p. Calculate the greatest common divisor of n and 5.
5
Let r = 1314 + -603. What is the greatest common factor of 158 and r?
79
Let l be (5 - 1 - 4) + 8. Suppose l*y + 17 = 129. Let w be (1 + -57)*-1*2. What is the greatest common divisor of y and w?
14
Let o be ((-15)/10)/(9/(-48)). Suppose -9*s = -o*s - 6. Calculate the highest common divisor of 42 and s.
6
Let y(x) = 3*x + 48. Let f be y(40). What is the highest common factor of 56 and f?
56
Let s(p) = -p**3 - 14*p**2 - 11*p + 25. Let y be s(-13). Let l be (-32)/(((-2)/(-2))/y). What is the greatest common factor of 16 and l?
16
Let t be ((-200)/(-15))/(4/24) - 4. Suppose 7*d = 134 + t. What is the greatest common factor of 10 and d?
10
Let z be (1 - (-1 - -38))/(290/(-435)). Calculate the highest common divisor of z and 558.
18
Let f be (-78)/14 + 42/(-98). Let k be ((-21)/f - 3)*250. Calculate the greatest common factor of 50 and k.
25
Suppose 225*d - 227*d + 1548 = 0. Calculate the highest common divisor of d and 86.
86
Let r be (34/2)/((-16)/(-32)). Suppose -5*v - 1521 = -4*u, 3*v - 2027 = -5*u - 172. What is the greatest common divisor of r and u?
34
Let l(q) = 14*q**3 + q**2 + 1. Let w be l(-1). Let a be ((-18)/21)/(w/56). Calculate the greatest common divisor of a and 12.
4
Let m(p) = -2*p**2 - 9*p. Let g be m(-6). Let l = -13 - g. Suppose 5*w = 5*o - 19 - 16, -3*o + 23 = -l*w. What is the greatest common factor of 4 and o?
2
Let n be (-8 + (-15)/20)/(1/(-12)). What is the highest common divisor of 105 and n?
105
Let u(z) be the third derivative of -z**4/24 + 5*z**3 - 10*z**2. Let a be u(14). Calculate the highest common factor of a and 4.
4
Suppose 0 = -2*p - p + 96. Let r = -287 - -457. Let b = r - 90. Calculate the highest common factor of b and p.
16
Let b be (-17026)/(-20) + 42/(-140). What is the greatest common factor of 46 and b?
23
Let b be 0/4 + 2/1. Suppose -12 = -b*t - 0. Let w be (-4 - -5)*8 - (4 - 2). What is the greatest common factor of t and w?
6
Suppose -5*b - 5*t = -4*t - 402, 5*t = -2*b + 170. Suppose g + 2*a - 5 = 26, -4*g + a = -79. Let k = g - 11. Calculate the greatest common divisor of k and b.
10
Suppose 7*j - 29*j = -1848. What is the highest common divisor of 2100 and j?
84
Suppose 0 = -65*l + 43*l + 5060. What is the highest common divisor of l and 46?
46
Let b(g) = 2*g**2 + 5*g - 21. Let w(m) = m**3 + 11*m**2 - 15*m - 30. Let o be w(-12). Let d be b(o). What is the greatest common factor of d and 9?
9
Let s = 201 - 153. Calculate the highest common divisor of s and 216.
24
Let r(m) = 3*m**3 + 5*m**2 - 3*m + 2. Let j be r(3). Suppose 0 = -5*i + g + 3*g + j, 5*i + g - 139 = 0. Calculate the highest common factor of 297 and i.
27
Suppose 0 = 40*c - 41*c + 20. Calculate the highest common factor of c and 20.
20
Let h(z) = -z**2 - 12*z - 6. Let o be h(-10). Let v = 98 - -14. What is the greatest common factor of v and o?
14
Let z = -18 + 27. Let s be z/(9/(-28))*-1. Calculate the highest common factor of s and 35.
7
Let t = -10 - 14. Let i = t + 37. Calculate the highest common factor of i and 104.
13
Let c be (0/4)/3 + (-105)/(-1). Let f = 109 - c. What is the highest common divisor of 8 and f?
4
Suppose 0*r + 5*r - 15 = 0. Suppose -r*v + 7 = -5. Let z be v/(-14) - (-3616)/112. What is the greatest common divisor of z and 64?
32
Let d be (-887)/(-6) + 10/60. Let f = 278 - d. Calculate the greatest common divisor of 10 and f.
10
Suppose 60*y = 57*y + 39. Suppose y = -4*c + 41. Suppose 27 + 99 = 2*f. What is the highest common factor of f and c?
7
Suppose 5*p + 23 = -7. Let v(t) = t**2 + 3*t + 1. Let z be v(p). Let y = -5699 - -5832. What is the greatest common factor of z and y?
19
Let z be (-6 + 9 - -7)/(4/136). Calculate the greatest common divisor of 80 and z.
20
Suppose 8 = n + 2*y, -6*n + n = -4*y - 96. Suppose 2*r + 0*r - 34 = 0. Let c = r - n. Calculate the greatest common divisor of c and 8.
1
Let q = 773 - 632. Calculate the greatest common divisor of q and 3.
3
Let v = 159 + -148. Suppose -474 = -4*y - 2*h, 20 = -3*h + 5. What is the highest common divisor of v and y?
11
Let a be 84/140 - -1*23/(-5). Let t(z) = 4*z + 32. Let m be t(a). Let l = -5 + 13. What is the highest common factor of l and m?
8
Let l = -32 - -38. What is the greatest common divisor of l and 27?
3
Let u be 4/8 - ((-166)/4 + 2). What is the highest common factor of u and 40?
40
Suppose -v - 24 = -2*p - 3*v, -3*v + 66 = 5*p. Suppose 2*c - 3*c + p = 0. Calculate the highest common divisor of c and 135.
15
Let v(m) = 11*m - 126. Let u be v(21). Calculate the highest common divisor of 30 and u.
15
Let a(x) = 16*x - 13*x - 18*x + x**2 - 11. Let g be a(16). What is the highest common factor of g and 1?
1
Let m be (-1)/10 - (-72557)/370. What is the greatest common divisor of 56 and m?
28
Suppose 14 = 5*g - 16. Suppose -g*x - 30 = -x. Let i be 12/8*(-928)/x. What is the highest common factor of i and 29?
29
Suppose -4*b + 5*z + 5467 = 0, 0 = 2*b + 4*z - 1491 - 1223. What is the greatest common divisor of 29 and b?
29
Let o = 30 - -6. Let u be 372/30 - 4/10. What is the highest common divisor of o and u?
12
Let v = -45 - -43. Let s be ((-2716)/36)/(-7) + v/(-9). Calculate the highest common divisor of s and 11.
11
Let s be (2 - -256)/(12/(-8)). Let y = s + 292. Calculate the highest common factor of y and 48.
24
Let r = -12 + 18. Let m(z) = 3*z + z - 5 - 4. Let j be m(r). What is the greatest common divisor of j and 60?
15
Let s(x) = -x - 2. Suppose 41 = -2*g + 5*u, -5*g + 0*g - 2*u = 59. Let t be s(g). Calculate the highest common divisor of 253 and t.
11
Suppose -2*t = 2*t - 12. Suppose 6 + 0 = t*m. Suppose 4*r + m*b = 3*b + 200, -5*b - 20 = 0. What is the greatest common divisor of r and 7?
7
Suppose -3*y = r - 12246, -1614 - 6550 = -2*y + 2*r. Calculate the highest common divisor of 26 and y.
26
Let w(s) = s**3 - 13*s**2 - 23*s + 16. Let f be w(15). Let q = 145 - f. What is the highest common factor of 24 and q?
24
Let r(i) = i + 7. Let j be r(-3). Suppose 13*s = 16*s + 12. Let y be (s + -1)/(60/(-72)). What is the highest common factor of j and y?
2
Suppose -14 = -t + 2*t. Let o = t - -17. Let f(b) = -18*b - 9. Let r be f(-2). Calculate the highest common factor of r and o.
3
Let j be (1*3)/((-9)/(-6)). Let t = j - 6. Let q = t + 11. Calculate the greatest common divisor of 35 and q.
7
Let c = 39 - 31. Suppose -c = -5*m + 7. Calculate the greatest common factor of 15 and m.
3
Let d be 2 + (4/(-34) - 1090/(-17)). What is the greatest common factor of 6 and d?
6
Let c be 3 + 1/(-5)*-5. Suppose 0 = 3*a - 32 + 2. Calculate the greatest common factor of c and a.
2
Let h(c) = 18*c + 57. Let y be h(31). Suppose 3*v + y = 3*n, v - 26 = 4*n - 831. What is the highest common factor of 10 and n?
10
Let a(s) = -14*s - 61. Let x be a(-14). Calculate the highest common divisor of 75 and x.
15
Suppose 118*s - 8 = 114*s. Suppose s*i = 76 - 14. Calculate the greatest common divisor of i and 279.
31
Suppose 2*v + 106 = 2*d + v, d = 4*v + 46. Suppose -114 - d = -14*k. Calculate the highest common factor of k and 84.
12
Let h = -143 - -59. Let n(l) = 6*l**3 + 2*l**2 + 3*l. Let w be n(-2). Let b = w - h. Calculate the highest common divisor of 19 and b.
19
Let b = 1466 + -933. Calculate the greatest common factor of b and 13.
13
Let h = -77 + 134. Let o(g) = -g**2 - 4*g - 3. Let y be o(-3). Suppose 177 = 4*z - 5*a, y*z = z + a - 33. Calculate the highest common divisor of z and h.
19
Let k = 158 - 60. What is the highest common divisor of k and 28?
14
Suppose -4*p + 3*j 